{"id":311,"date":"2021-01-23T22:44:35","date_gmt":"2021-01-23T22:44:35","guid":{"rendered":"http:\/\/brachiomedia.com\/?page_id=311"},"modified":"2021-01-23T23:52:15","modified_gmt":"2021-01-23T23:52:15","slug":"quienes-somos","status":"publish","type":"page","link":"https:\/\/clovertech.com.mx\/index.php\/quienes-somos\/","title":{"rendered":"Quienes Somos"},"content":{"rendered":"\n<figure class=\"wp-block-image size-large\"><img fetchpriority=\"high\" decoding=\"async\" width=\"941\" height=\"344\" src=\"https:\/\/clovertech.com.mx\/wp-content\/uploads\/2021\/01\/cropped-cropped-cropped-horizontal_colorSF-1-2.png\" alt=\"\" class=\"wp-image-257\" srcset=\"https:\/\/clovertech.com.mx\/wp-content\/uploads\/2021\/01\/cropped-cropped-cropped-horizontal_colorSF-1-2.png 941w, https:\/\/clovertech.com.mx\/wp-content\/uploads\/2021\/01\/cropped-cropped-cropped-horizontal_colorSF-1-2-300x110.png 300w, https:\/\/clovertech.com.mx\/wp-content\/uploads\/2021\/01\/cropped-cropped-cropped-horizontal_colorSF-1-2-768x281.png 768w\" sizes=\"(max-width: 941px) 100vw, 941px\" \/><\/figure>\n\n\n\n<h1 class=\"has-text-align-center wp-block-heading\">Historia<\/h1>\n\n\n\n<div class=\"wp-block-themeisle-blocks-advanced-columns has-1-columns has-desktop-equal-layout has-tablet-equal-layout has-mobile-equal-layout has-default-gap has-vertical-center\" id=\"wp-block-themeisle-blocks-advanced-columns-64cc3d6a\"><div class=\"wp-block-themeisle-blocks-advanced-columns-overlay\"><\/div><div class=\"innerblocks-wrap\">\n<div class=\"wp-block-themeisle-blocks-advanced-column\" id=\"wp-block-themeisle-blocks-advanced-column-d44fc50d\">\n<p>Clover Tech empez\u00f3 como un proyecto para un concurso de start-up de 72 horas en el verano de 2015. Nos reunimos en grupo de amigos y buscamos ver c\u00f3mo usar nuestros conocimientos para generar una soluci\u00f3n innovadora que aportar\u00e1 un beneficio a la sociedad. Empezamos en el \u00e1mbito m\u00e9dico y de ah\u00ed crecimos y nos diversificamos en todas las industrias que necesitan de soluciones innovadoras con dise\u00f1o electr\u00f3nico. Hemos trabajado con micro, peque\u00f1as, medianas y grandes empresas l\u00edderes en la industria tecnol\u00f3gica, lo que nos hace una empresa muy vers\u00e1til que se adapta a la problem\u00e1tica a solucionar.<\/p>\n<\/div>\n<\/div><\/div>\n\n\n\n<h2 class=\"alignfull has-text-align-center wp-block-heading\">Conoce a nuestro equipo<\/h2>\n\n\n\n<div class=\"wp-block-columns is-layout-flex wp-container-core-columns-layout-1 wp-block-columns-is-layout-flex\">\n<div class=\"wp-block-column is-layout-flow wp-block-column-is-layout-flow\">\n<figure class=\"wp-block-image size-large\"><img decoding=\"async\" width=\"683\" height=\"1024\" src=\"https:\/\/clovertech.com.mx\/wp-content\/uploads\/2021\/01\/pexels-photo-4171752-683x1024.jpeg\" alt=\"black and orange nike pouch\" class=\"wp-image-317\" srcset=\"https:\/\/clovertech.com.mx\/wp-content\/uploads\/2021\/01\/pexels-photo-4171752-683x1024.jpeg 683w, https:\/\/clovertech.com.mx\/wp-content\/uploads\/2021\/01\/pexels-photo-4171752-200x300.jpeg 200w, https:\/\/clovertech.com.mx\/wp-content\/uploads\/2021\/01\/pexels-photo-4171752-768x1152.jpeg 768w, https:\/\/clovertech.com.mx\/wp-content\/uploads\/2021\/01\/pexels-photo-4171752-600x900.jpeg 600w, https:\/\/clovertech.com.mx\/wp-content\/uploads\/2021\/01\/pexels-photo-4171752.jpeg 867w\" sizes=\"(max-width: 683px) 100vw, 683px\" \/><\/figure>\n\n\n\n<p class=\"has-text-align-center has-medium-font-size\">Jhon Lee<\/p>\n\n\n\n<p class=\"has-text-align-center\">C.E.O<\/p>\n\n\n\n<ul class=\"wp-block-social-links aligncenter is-layout-flex wp-block-social-links-is-layout-flex\">\n\n\n\n\n\n<\/ul>\n<\/div>\n\n\n\n<div class=\"wp-block-column is-layout-flow wp-block-column-is-layout-flow\">\n<figure class=\"wp-block-image size-large is-resized\"><img decoding=\"async\" src=\"https:\/\/clovertech.com.mx\/wp-content\/uploads\/2021\/01\/pexels-photo-4171752.jpeg\" alt=\"black and orange nike pouch\" class=\"wp-image-317\" width=\"260\" height=\"389\" srcset=\"https:\/\/clovertech.com.mx\/wp-content\/uploads\/2021\/01\/pexels-photo-4171752.jpeg 867w, https:\/\/clovertech.com.mx\/wp-content\/uploads\/2021\/01\/pexels-photo-4171752-200x300.jpeg 200w, https:\/\/clovertech.com.mx\/wp-content\/uploads\/2021\/01\/pexels-photo-4171752-683x1024.jpeg 683w, https:\/\/clovertech.com.mx\/wp-content\/uploads\/2021\/01\/pexels-photo-4171752-768x1152.jpeg 768w, https:\/\/clovertech.com.mx\/wp-content\/uploads\/2021\/01\/pexels-photo-4171752-600x900.jpeg 600w\" sizes=\"(max-width: 260px) 100vw, 260px\" \/><\/figure>\n\n\n\n<p class=\"has-text-align-center has-medium-font-size\">Jhon Lee<\/p>\n\n\n\n<p class=\"has-text-align-center\">Developer<\/p>\n\n\n\n<ul class=\"wp-block-social-links aligncenter is-layout-flex wp-block-social-links-is-layout-flex\">\n\n\n\n\n\n<\/ul>\n<\/div>\n\n\n\n<div class=\"wp-block-column is-layout-flow wp-block-column-is-layout-flow\">\n<figure class=\"wp-block-image size-large\"><img decoding=\"async\" width=\"683\" height=\"1024\" src=\"https:\/\/clovertech.com.mx\/wp-content\/uploads\/2021\/01\/pexels-photo-4171752-683x1024.jpeg\" alt=\"black and orange nike pouch\" class=\"wp-image-317\" srcset=\"https:\/\/clovertech.com.mx\/wp-content\/uploads\/2021\/01\/pexels-photo-4171752-683x1024.jpeg 683w, https:\/\/clovertech.com.mx\/wp-content\/uploads\/2021\/01\/pexels-photo-4171752-200x300.jpeg 200w, https:\/\/clovertech.com.mx\/wp-content\/uploads\/2021\/01\/pexels-photo-4171752-768x1152.jpeg 768w, https:\/\/clovertech.com.mx\/wp-content\/uploads\/2021\/01\/pexels-photo-4171752-600x900.jpeg 600w, https:\/\/clovertech.com.mx\/wp-content\/uploads\/2021\/01\/pexels-photo-4171752.jpeg 867w\" sizes=\"(max-width: 683px) 100vw, 683px\" \/><\/figure>\n\n\n\n<p class=\"has-text-align-center has-medium-font-size\">Jhon Lee<\/p>\n\n\n\n<p class=\"has-text-align-center\">Sales<\/p>\n\n\n\n<ul class=\"wp-block-social-links aligncenter is-layout-flex wp-block-social-links-is-layout-flex\">\n\n\n\n\n\n<\/ul>\n<\/div>\n<\/div>\n\n\n\n<p><\/p>\n","protected":false},"excerpt":{"rendered":"<p>Historia Conoce a nuestro equipo Jhon Lee C.E.O Jhon Lee Developer Jhon Lee Sales<\/p>\n","protected":false},"author":1,"featured_media":0,"parent":0,"menu_order":0,"comment_status":"closed","ping_status":"closed","template":"","meta":{"footnotes":"","_joinchat":[]},"_links":{"self":[{"href":"https:\/\/clovertech.com.mx\/index.php\/wp-json\/wp\/v2\/pages\/311"}],"collection":[{"href":"https:\/\/clovertech.com.mx\/index.php\/wp-json\/wp\/v2\/pages"}],"about":[{"href":"https:\/\/clovertech.com.mx\/index.php\/wp-json\/wp\/v2\/types\/page"}],"author":[{"embeddable":true,"href":"https:\/\/clovertech.com.mx\/index.php\/wp-json\/wp\/v2\/users\/1"}],"replies":[{"embeddable":true,"href":"https:\/\/clovertech.com.mx\/index.php\/wp-json\/wp\/v2\/comments?post=311"}],"version-history":[{"count":3,"href":"https:\/\/clovertech.com.mx\/index.php\/wp-json\/wp\/v2\/pages\/311\/revisions"}],"predecessor-version":[{"id":320,"href":"https:\/\/clovertech.com.mx\/index.php\/wp-json\/wp\/v2\/pages\/311\/revisions\/320"}],"wp:attachment":[{"href":"https:\/\/clovertech.com.mx\/index.php\/wp-json\/wp\/v2\/media?parent=311"}],"curies":[{"name":"wp","href":"https:\/\/api.w.org\/{rel}","templated":true}]}}